{"id":139,"date":"2021-08-17T22:50:59","date_gmt":"2021-08-17T22:50:59","guid":{"rendered":"https:\/\/wp.stadelmannbeck.ch\/?page_id=139"},"modified":"2022-01-30T14:08:30","modified_gmt":"2022-01-30T14:08:30","slug":"conditorei","status":"publish","type":"page","link":"https:\/\/wp.stadelmannbeck.ch\/?page_id=139","title":{"rendered":"Conditorei"},"content":{"rendered":"\n<h4 class=\"wp-block-heading\" id=\"wir-verarbeiten-in-unserer-konditorei-nur-laktosefrei-molkereiprodukte-aus-der-nahe-gelegenen-molkerei-napfmilch-aus-hergiswil\"><strong>Wir verarbeiten in unserer Konditorei nur laktosefrei Molkereiprodukte, aus der nahe gelegenen Molkerei Napfmilch aus Hergiswil. <\/strong> <\/h4>\n\n\n\n<p>Eine Anlieferung von mindestens 2-mal pro Woche garantiert die Frische der Rohstoffe. Es werden nur nat\u00fcrliche Aromen und saisonal frische und reife Fr\u00fcchte verarbeitet. Auf Farbstoffe wird meistm\u00f6glich verzichtet.<\/p>\n\n\n\n<div style=\"height:28px\" aria-hidden=\"true\" class=\"wp-block-spacer\"><\/div>\n\n\n\n<figure class=\"wp-block-image size-full is-resized\"><img fetchpriority=\"high\" decoding=\"async\" src=\"https:\/\/wp.stadelmannbeck.ch\/wp-content\/uploads\/2022\/01\/zerfgrg.png\" alt=\"\" class=\"wp-image-297\" width=\"436\" height=\"219\" srcset=\"https:\/\/wp.stadelmannbeck.ch\/wp-content\/uploads\/2022\/01\/zerfgrg.png 800w, https:\/\/wp.stadelmannbeck.ch\/wp-content\/uploads\/2022\/01\/zerfgrg-300x150.png 300w, https:\/\/wp.stadelmannbeck.ch\/wp-content\/uploads\/2022\/01\/zerfgrg-768x384.png 768w\" sizes=\"(max-width: 436px) 100vw, 436px\" \/><\/figure>\n\n\n\n<p class=\"has-text-align-left\">Die Patisserie kann auch als Minipatisserie oder als Schnitte am Meter bezogen werden.<\/p>\n\n\n\n<p>Torten gibt es f\u00fcr verschiedene Anl\u00e4sse.&nbsp; Die Gr\u00f6sse und die Form bestimmen Sie als Kunde.<\/p>\n\n\n\n<div style=\"height:19px\" aria-hidden=\"true\" class=\"wp-block-spacer\"><\/div>\n\n\n\n<p>Alle unsere Kuchen wie Linzer, Holl\u00e4nder, Zitronen etc. sind auch als Schnitten am Meter erh\u00e4ltlich.<\/p>\n\n\n\n<p>Fragen Sie uns, wir beraten Sie gerne.<\/p>\n","protected":false},"excerpt":{"rendered":"<p>Wir verarbeiten in unserer Konditorei nur laktosefrei Molkereiprodukte, aus der nahe gelegenen Molkerei Napfmilch aus Hergiswil. Eine Anlieferung von mindestens 2-mal pro Woche garantiert die Frische der Rohstoffe. Es werden nur nat\u00fcrliche Aromen und saisonal frische und reife Fr\u00fcchte verarbeitet. Auf Farbstoffe wird meistm\u00f6glich verzichtet. Die Patisserie kann auch als Minipatisserie oder als Schnitte am Meter bezogen werden. Torten gibt es f\u00fcr verschiedene Anl\u00e4sse.&nbsp; Die Gr\u00f6sse und die Form bestimmen Sie als Kunde. Alle unsere Kuchen wie Linzer, Holl\u00e4nder, Zitronen etc. sind auch als Schnitten am Meter erh\u00e4ltlich. Fragen Sie uns, wir beraten Sie gerne.<\/p>\n","protected":false},"author":1,"featured_media":0,"parent":0,"menu_order":0,"comment_status":"closed","ping_status":"closed","template":"","meta":{"footnotes":""},"class_list":["post-139","page","type-page","status-publish","hentry"],"yoast_head":"<!-- This site is optimized with the Yoast SEO plugin v27.4 - https:\/\/yoast.com\/product\/yoast-seo-wordpress\/ -->\n<title>Conditorei - B\u00e4ckerei Konditorei Stadelmann<\/title>\n<meta name=\"robots\" content=\"index, follow, max-snippet:-1, max-image-preview:large, max-video-preview:-1\" \/>\n<link rel=\"canonical\" href=\"https:\/\/wp.stadelmannbeck.ch\/?page_id=139\" \/>\n<meta property=\"og:locale\" content=\"de_DE\" \/>\n<meta property=\"og:type\" content=\"article\" \/>\n<meta property=\"og:title\" content=\"Conditorei - B\u00e4ckerei Konditorei Stadelmann\" \/>\n<meta property=\"og:description\" content=\"Wir verarbeiten in unserer Konditorei nur laktosefrei Molkereiprodukte, aus der nahe gelegenen Molkerei Napfmilch aus Hergiswil. Eine Anlieferung von mindestens 2-mal pro Woche garantiert die Frische der Rohstoffe. Es werden nur nat\u00fcrliche Aromen und saisonal frische und reife Fr\u00fcchte verarbeitet. Auf Farbstoffe wird meistm\u00f6glich verzichtet. Die Patisserie kann auch als Minipatisserie oder als Schnitte am Meter bezogen werden. Torten gibt es f\u00fcr verschiedene Anl\u00e4sse.&nbsp; Die Gr\u00f6sse und die Form bestimmen Sie als Kunde. Alle unsere Kuchen wie Linzer, Holl\u00e4nder, Zitronen etc. sind auch als Schnitten am Meter erh\u00e4ltlich. Fragen Sie uns, wir beraten Sie gerne.\" \/>\n<meta property=\"og:url\" content=\"https:\/\/wp.stadelmannbeck.ch\/?page_id=139\" \/>\n<meta property=\"og:site_name\" content=\"B\u00e4ckerei Konditorei Stadelmann\" \/>\n<meta property=\"article:modified_time\" content=\"2022-01-30T14:08:30+00:00\" \/>\n<meta property=\"og:image\" content=\"https:\/\/wp.stadelmannbeck.ch\/wp-content\/uploads\/2022\/01\/zerfgrg.png\" \/>\n<meta name=\"twitter:card\" content=\"summary_large_image\" \/>\n<meta name=\"twitter:label1\" content=\"Gesch\u00e4tzte Lesezeit\" \/>\n\t<meta name=\"twitter:data1\" content=\"1\u00a0Minute\" \/>\n<script type=\"application\/ld+json\" class=\"yoast-schema-graph\">{\"@context\":\"https:\\\/\\\/schema.org\",\"@graph\":[{\"@type\":\"WebPage\",\"@id\":\"https:\\\/\\\/wp.stadelmannbeck.ch\\\/?page_id=139\",\"url\":\"https:\\\/\\\/wp.stadelmannbeck.ch\\\/?page_id=139\",\"name\":\"Conditorei - B\u00e4ckerei Konditorei Stadelmann\",\"isPartOf\":{\"@id\":\"https:\\\/\\\/wp.stadelmannbeck.ch\\\/#website\"},\"primaryImageOfPage\":{\"@id\":\"https:\\\/\\\/wp.stadelmannbeck.ch\\\/?page_id=139#primaryimage\"},\"image\":{\"@id\":\"https:\\\/\\\/wp.stadelmannbeck.ch\\\/?page_id=139#primaryimage\"},\"thumbnailUrl\":\"https:\\\/\\\/wp.stadelmannbeck.ch\\\/wp-content\\\/uploads\\\/2022\\\/01\\\/zerfgrg.png\",\"datePublished\":\"2021-08-17T22:50:59+00:00\",\"dateModified\":\"2022-01-30T14:08:30+00:00\",\"breadcrumb\":{\"@id\":\"https:\\\/\\\/wp.stadelmannbeck.ch\\\/?page_id=139#breadcrumb\"},\"inLanguage\":\"de\",\"potentialAction\":[{\"@type\":\"ReadAction\",\"target\":[\"https:\\\/\\\/wp.stadelmannbeck.ch\\\/?page_id=139\"]}]},{\"@type\":\"ImageObject\",\"inLanguage\":\"de\",\"@id\":\"https:\\\/\\\/wp.stadelmannbeck.ch\\\/?page_id=139#primaryimage\",\"url\":\"https:\\\/\\\/wp.stadelmannbeck.ch\\\/wp-content\\\/uploads\\\/2022\\\/01\\\/zerfgrg.png\",\"contentUrl\":\"https:\\\/\\\/wp.stadelmannbeck.ch\\\/wp-content\\\/uploads\\\/2022\\\/01\\\/zerfgrg.png\",\"width\":800,\"height\":400},{\"@type\":\"BreadcrumbList\",\"@id\":\"https:\\\/\\\/wp.stadelmannbeck.ch\\\/?page_id=139#breadcrumb\",\"itemListElement\":[{\"@type\":\"ListItem\",\"position\":1,\"name\":\"Startseite\",\"item\":\"https:\\\/\\\/wp.stadelmannbeck.ch\\\/\"},{\"@type\":\"ListItem\",\"position\":2,\"name\":\"Conditorei\"}]},{\"@type\":\"WebSite\",\"@id\":\"https:\\\/\\\/wp.stadelmannbeck.ch\\\/#website\",\"url\":\"https:\\\/\\\/wp.stadelmannbeck.ch\\\/\",\"name\":\"B\u00e4ckerei Konditorei Stadelmann\",\"description\":\"\",\"publisher\":{\"@id\":\"https:\\\/\\\/wp.stadelmannbeck.ch\\\/#organization\"},\"potentialAction\":[{\"@type\":\"SearchAction\",\"target\":{\"@type\":\"EntryPoint\",\"urlTemplate\":\"https:\\\/\\\/wp.stadelmannbeck.ch\\\/?s={search_term_string}\"},\"query-input\":{\"@type\":\"PropertyValueSpecification\",\"valueRequired\":true,\"valueName\":\"search_term_string\"}}],\"inLanguage\":\"de\"},{\"@type\":\"Organization\",\"@id\":\"https:\\\/\\\/wp.stadelmannbeck.ch\\\/#organization\",\"name\":\"B\u00e4ckerei Konditorei Stadelmann\",\"url\":\"https:\\\/\\\/wp.stadelmannbeck.ch\\\/\",\"logo\":{\"@type\":\"ImageObject\",\"inLanguage\":\"de\",\"@id\":\"https:\\\/\\\/wp.stadelmannbeck.ch\\\/#\\\/schema\\\/logo\\\/image\\\/\",\"url\":\"https:\\\/\\\/wp.stadelmannbeck.ch\\\/wp-content\\\/uploads\\\/2022\\\/01\\\/cropped-897889564-1.png\",\"contentUrl\":\"https:\\\/\\\/wp.stadelmannbeck.ch\\\/wp-content\\\/uploads\\\/2022\\\/01\\\/cropped-897889564-1.png\",\"width\":1000,\"height\":542,\"caption\":\"B\u00e4ckerei Konditorei Stadelmann\"},\"image\":{\"@id\":\"https:\\\/\\\/wp.stadelmannbeck.ch\\\/#\\\/schema\\\/logo\\\/image\\\/\"}}]}<\/script>\n<!-- \/ Yoast SEO plugin. -->","yoast_head_json":{"title":"Conditorei - B\u00e4ckerei Konditorei Stadelmann","robots":{"index":"index","follow":"follow","max-snippet":"max-snippet:-1","max-image-preview":"max-image-preview:large","max-video-preview":"max-video-preview:-1"},"canonical":"https:\/\/wp.stadelmannbeck.ch\/?page_id=139","og_locale":"de_DE","og_type":"article","og_title":"Conditorei - B\u00e4ckerei Konditorei Stadelmann","og_description":"Wir verarbeiten in unserer Konditorei nur laktosefrei Molkereiprodukte, aus der nahe gelegenen Molkerei Napfmilch aus Hergiswil. Eine Anlieferung von mindestens 2-mal pro Woche garantiert die Frische der Rohstoffe. Es werden nur nat\u00fcrliche Aromen und saisonal frische und reife Fr\u00fcchte verarbeitet. Auf Farbstoffe wird meistm\u00f6glich verzichtet. Die Patisserie kann auch als Minipatisserie oder als Schnitte am Meter bezogen werden. Torten gibt es f\u00fcr verschiedene Anl\u00e4sse.&nbsp; Die Gr\u00f6sse und die Form bestimmen Sie als Kunde. Alle unsere Kuchen wie Linzer, Holl\u00e4nder, Zitronen etc. sind auch als Schnitten am Meter erh\u00e4ltlich. Fragen Sie uns, wir beraten Sie gerne.","og_url":"https:\/\/wp.stadelmannbeck.ch\/?page_id=139","og_site_name":"B\u00e4ckerei Konditorei Stadelmann","article_modified_time":"2022-01-30T14:08:30+00:00","og_image":[{"url":"https:\/\/wp.stadelmannbeck.ch\/wp-content\/uploads\/2022\/01\/zerfgrg.png","type":"","width":"","height":""}],"twitter_card":"summary_large_image","twitter_misc":{"Gesch\u00e4tzte Lesezeit":"1\u00a0Minute"},"schema":{"@context":"https:\/\/schema.org","@graph":[{"@type":"WebPage","@id":"https:\/\/wp.stadelmannbeck.ch\/?page_id=139","url":"https:\/\/wp.stadelmannbeck.ch\/?page_id=139","name":"Conditorei - B\u00e4ckerei Konditorei Stadelmann","isPartOf":{"@id":"https:\/\/wp.stadelmannbeck.ch\/#website"},"primaryImageOfPage":{"@id":"https:\/\/wp.stadelmannbeck.ch\/?page_id=139#primaryimage"},"image":{"@id":"https:\/\/wp.stadelmannbeck.ch\/?page_id=139#primaryimage"},"thumbnailUrl":"https:\/\/wp.stadelmannbeck.ch\/wp-content\/uploads\/2022\/01\/zerfgrg.png","datePublished":"2021-08-17T22:50:59+00:00","dateModified":"2022-01-30T14:08:30+00:00","breadcrumb":{"@id":"https:\/\/wp.stadelmannbeck.ch\/?page_id=139#breadcrumb"},"inLanguage":"de","potentialAction":[{"@type":"ReadAction","target":["https:\/\/wp.stadelmannbeck.ch\/?page_id=139"]}]},{"@type":"ImageObject","inLanguage":"de","@id":"https:\/\/wp.stadelmannbeck.ch\/?page_id=139#primaryimage","url":"https:\/\/wp.stadelmannbeck.ch\/wp-content\/uploads\/2022\/01\/zerfgrg.png","contentUrl":"https:\/\/wp.stadelmannbeck.ch\/wp-content\/uploads\/2022\/01\/zerfgrg.png","width":800,"height":400},{"@type":"BreadcrumbList","@id":"https:\/\/wp.stadelmannbeck.ch\/?page_id=139#breadcrumb","itemListElement":[{"@type":"ListItem","position":1,"name":"Startseite","item":"https:\/\/wp.stadelmannbeck.ch\/"},{"@type":"ListItem","position":2,"name":"Conditorei"}]},{"@type":"WebSite","@id":"https:\/\/wp.stadelmannbeck.ch\/#website","url":"https:\/\/wp.stadelmannbeck.ch\/","name":"B\u00e4ckerei Konditorei Stadelmann","description":"","publisher":{"@id":"https:\/\/wp.stadelmannbeck.ch\/#organization"},"potentialAction":[{"@type":"SearchAction","target":{"@type":"EntryPoint","urlTemplate":"https:\/\/wp.stadelmannbeck.ch\/?s={search_term_string}"},"query-input":{"@type":"PropertyValueSpecification","valueRequired":true,"valueName":"search_term_string"}}],"inLanguage":"de"},{"@type":"Organization","@id":"https:\/\/wp.stadelmannbeck.ch\/#organization","name":"B\u00e4ckerei Konditorei Stadelmann","url":"https:\/\/wp.stadelmannbeck.ch\/","logo":{"@type":"ImageObject","inLanguage":"de","@id":"https:\/\/wp.stadelmannbeck.ch\/#\/schema\/logo\/image\/","url":"https:\/\/wp.stadelmannbeck.ch\/wp-content\/uploads\/2022\/01\/cropped-897889564-1.png","contentUrl":"https:\/\/wp.stadelmannbeck.ch\/wp-content\/uploads\/2022\/01\/cropped-897889564-1.png","width":1000,"height":542,"caption":"B\u00e4ckerei Konditorei Stadelmann"},"image":{"@id":"https:\/\/wp.stadelmannbeck.ch\/#\/schema\/logo\/image\/"}}]}},"_links":{"self":[{"href":"https:\/\/wp.stadelmannbeck.ch\/index.php?rest_route=\/wp\/v2\/pages\/139","targetHints":{"allow":["GET"]}}],"collection":[{"href":"https:\/\/wp.stadelmannbeck.ch\/index.php?rest_route=\/wp\/v2\/pages"}],"about":[{"href":"https:\/\/wp.stadelmannbeck.ch\/index.php?rest_route=\/wp\/v2\/types\/page"}],"author":[{"embeddable":true,"href":"https:\/\/wp.stadelmannbeck.ch\/index.php?rest_route=\/wp\/v2\/users\/1"}],"replies":[{"embeddable":true,"href":"https:\/\/wp.stadelmannbeck.ch\/index.php?rest_route=%2Fwp%2Fv2%2Fcomments&post=139"}],"version-history":[{"count":14,"href":"https:\/\/wp.stadelmannbeck.ch\/index.php?rest_route=\/wp\/v2\/pages\/139\/revisions"}],"predecessor-version":[{"id":424,"href":"https:\/\/wp.stadelmannbeck.ch\/index.php?rest_route=\/wp\/v2\/pages\/139\/revisions\/424"}],"wp:attachment":[{"href":"https:\/\/wp.stadelmannbeck.ch\/index.php?rest_route=%2Fwp%2Fv2%2Fmedia&parent=139"}],"curies":[{"name":"wp","href":"https:\/\/api.w.org\/{rel}","templated":true}]}}